Let v(x) = -d(x) - 2*m(x). Suppose 0 = 4*a - 5*a + 6. What is the remainder when 12 is divided by v(a)?
5
Suppose 0 = a, d = -2*d + 3*a + 219. What is the remainder when d is divided by 25?
23
Let t(m) = m**2 - 2*m - 12. Calculate the remainder when t(-7) is divided by 18.
15
Suppose -x - 9 = -k + 3*k, -2*x - 2*k - 10 = 0. Calculate the remainder when 25 - (0/x + 2) is divided by 8.
7
What is the remainder when (-6)/(-4)*(1/1 - -83) is divided by 43?
40
Let j(r) = 4*r**3 + r**2 + r - 1. Calculate the remainder when 4/14 - 672/(-49) is divided by j(1).
4
Let g(j) = 5*j**2 - 17*j - 2. Calculate the remainder when 22 is divided by g(4).
2
Let f = 67 - 52. What is the remainder when 28 is divided by f?
13
Let f(p) = -p**2 - 4*p. Let x be f(-3). Let y(b) be the third derivative of 11*b**4/24 - b**3/6 + 4*b**2. Calculate the remainder when y(x) is divided by 17.
15
Suppose -4*t = -0*t - 424. Suppose -2*k + t = 6*r - 2*r, 4*k = 4. Let w(a) = 5*a - 1. Calculate the remainder when r is divided by w(2).
8
Calculate the remainder when 46 is divided by (-2)/(-4) - 217/(-14).
14
Let j = 6 + 10. Calculate the remainder when 30 is divided by j.
14
Let w = -50 + 95. Calculate the remainder when 223 is divided by w.
43
Let i(z) = z**2 - z - 35. Let t be i(0). Let x = 54 + t. Calculate the remainder when 37 is divided by x.
18
Let t(y) = y**2 + 5*y - 6. Let s be t(-6). Suppose -4*r - 3*q + 41 = s, 5*r - 15 - 22 = q. Calculate the remainder when (-1)/(-4) - (-174)/r is divided by 12.
10
Let l = 1 + 1. Suppose 36 = l*w + w. Let a(n) = n**2 - 12*n + 12. What is the remainder when 35 is divided by a(w)?
11
Suppose b = 12 + 8. Suppose n + 0*n - 40 = 0. Let z = n - b. What is the remainder when z is divided by 11?
9
Let u(l) = l + 4. Let r be u(3). Let i = -1 + r. What is the remainder when 16 is divided by i?
4
Suppose -106 = -3*k + f, 2*k + 4*f = 3*k - 50. What is the remainder when 135 is divided by k?
33
Let o(v) = v**3 + 6*v**2 - 2*v - 1. What is the remainder when o(-5) is divided by 18?
16
Let z(x) = -5*x**3 - x**2 - x - 1. Let w be z(-1). Let q be (-74)/(-14) - 4/14. Suppose l - w = q. Calculate the remainder when 17 is divided by l.
8
Suppose -18 = -k + 3*c, -3*c - 51 = -5*k + 39. What is the remainder when 52 is divided by k?
16
Suppose 0 = 5*g + s - 5, -5*s = -g - g + 29. Suppose -k - 4*v + 26 = 0, -3*v = -g*v + 3. Let d = 64 + -44. What is the remainder when k is divided by d?
18
Suppose -4*b - 2*i = -26 + 6, 2*i = 4*b - 12. Let m(h) = 7*h + 3. Let w be m(b). Suppose v - w = -0*v. What is the remainder when v is divided by 11?
9
Let d = 16 + -26. Let b be d*(2 - (-8)/(-5)). Calculate the remainder when 8 is divided by 3/3*1 - b.
3
What is the remainder when 2 + 88 - 2/(-2) is divided by 47?
44
Let g = 12 + -6. Calculate the remainder when g/(-27) + 371/9 is divided by 11.
8
What is the remainder when 34 is divided by (-3 - (-1 + 0)) + (13 - -1)?
10
Let k(s) = s**2 + 4*s - 3. Let j(w) = w - 10. Let p be j(5). Calculate the remainder when 4/((-1)/((-2)/4)) is divided by k(p).
0
Let u(o) = o**3 + 20*o**2 + 16*o - 43. Calculate the remainder when 97 is divided by u(-19).
13
Let h(n) = n**3 + 6*n**2 - 6*n - 9. Suppose -4*g + 5*a - 2 + 83 = 0, 2*a - 4 = -g. Calculate the remainder when h(-6) is divided by g.
13
Suppose 5*x + 13 = 2*t - 19, 0 = 4*t + 4*x - 36. Let c(v) = 6*v - 3. What is the remainder when c(4) is divided by t?
10
Suppose j + 57 = -j - 5*w, -4*w = -4. Let m = -23 - j. What is the remainder when 29 is divided by m?
5
Let h(f) = -f**2 - 8*f + 10. Let q = -33 + 42. What is the remainder when h(-7) is divided by q?
8
Suppose -2*u - m + 20 = 3*m, -5*u + 26 = 2*m. Calculate the remainder when 29 is divided by u + -1 - 7*-1.
9
Let q(a) = 4 - 1 - 6 - 5*a. What is the remainder when q(-2) is divided by (4/(-12))/(2/(-18))?
1
Let p(h) = h**2 - 2*h + 8. What is the remainder when 54 is divided by p(0)?
6
Let n = 21 - 14. Suppose -i = 4*w - 11 - n, -i + 10 = 2*w. Suppose -5 + 1 = 4*a - 4*o, a - w*o = -16. What is the remainder when a is divided by 3?
1
Suppose -w + 3*f + 1 = -f, 0 = 4*w - 5*f - 37. Let a = -46 + 69. Suppose -b = -4*t + 18, -4*t = t - b - a. What is the remainder when w is divided by t?
3
Let a = 51 + -24. Suppose -3 = -n + 2*n, 0 = 3*x - 4*n - a. Calculate the remainder when x is divided by 4.
1
Suppose 2*f - 3*f = -47. Let m be ((-12)/(-8))/((-3)/520). What is the remainder when f is divided by 8/44 + m/(-22)?
11
Let r(x) = -x**3 - 4*x**2 - 3*x - 3. Let j be r(-3). Let l = -5 - j. What is the remainder when 1 - 30/(-1 + l) is divided by 6?
5
Suppose 1 = 5*o - 9. Let y(i) = 2*i**3 + 3*i**2 - 2*i. What is the remainder when 71 is divided by y(o)?
23
Let d = 6 - -4. Let o = 57 - 28. Calculate the remainder when o is divided by d.
9
Calculate the remainder when (-2196)/(-60) + (-4)/(-10) is divided by 20.
17
Let l(n) = 4*n + 3. Suppose 0 = -4*i - 4*f, -5*f - 14 = -2*i + 21. Let a = 35 - 23. What is the remainder when l(i) is divided by a?
11
Let g(m) = m**3 - 2*m**2 - 3*m + 2. Suppose 18 = 4*i + 2*o, 0 = -i + 3*i - 2*o. Let y be g(i). Let d = 9 - y. What is the remainder when d is divided by 3?
1
Let o(i) = -i**3 - 12*i**2 - 11*i + 5. Let m be o(-11). Suppose -3*d + 19 = -m. What is the remainder when 15 is divided by d?
7
Let x = 13 + -11. Suppose 2*h + 4*m - 26 = 0, x*h + 3*m + 0*m = 26. Let b(z) = -4*z + 5. Calculate the remainder when b(-5) is divided by h.
12
Suppose 2*z - s = 37, -3*s + 15 = -2*z + 3*z. What is the remainder when z is divided by 5?
3
Let d(x) = -31*x - 2. What is the remainder when d(-1) is divided by 17?
12
Let g = 67 - 48. Suppose 3 = n + 1. Calculate the remainder when g is divided by n/4*-2*-7.
5
Let l(s) = s**3 + 4*s**2 - 6*s - 1. Let y be l(-5). Suppose -y*i = -x + 1, -i - 4 = -4*x - 3*i. Calculate the remainder when x is divided by 1.
0
Let u(f) = -2*f - 36. Let r be u(-15). What is the remainder when (-10)/(-30) + (-34)/r is divided by ((-6)/9)/(1/(-6))?
2
Suppose -3*u + 44 = -10. Let l = 64 - 29. What is the remainder when l is divided by u?
17
Suppose -9*v - 28 = -2*v. What is the remainder when 36 is divided by (-185)/(-10) + (-2)/v?
17
Let w be (-225)/(-12) + 6/(-8). Let j = w + -15. Calculate the remainder when 13 is divided by j.
1
Suppose 5*l - 2*l - 12 = 0. Suppose 2*o - 42 = 2*j, l*o - 93 = -0*o - 5*j. Calculate the remainder when o is divided by (-9)/(-1 + 2/8).
10
Suppose 3*y - 3*q = 129, -y - 3*y + 5*q = -177. Calculate the remainder when y is divided by 10.
8
Let q(h) = -3*h + 7. Let x be 8/(-10)*(-45)/(-6). What is the remainder when q(x) is divided by 9?
7
Suppose -4*t + 42 = t - 3*i, 14 = -t - 5*i. Suppose -2*q + t = q. Suppose -q*d + 4*d - 32 = 0. Calculate the remainder when d is divided by 6.
4
Let s = 6 - 0. What is the remainder when 1/2*(-8)/(-2) is divided by (3/9)/(2/s)?
0
Let y(b) = b**3 - 7*b**2 - 7*b - 7. Let r be y(8). Let x(j) = 5*j - 3. Calculate the remainder when x(4) is divided by 0/r - (3 - 9).
5
Let y(b) = -5*b**3 - 2*b**2 - 9*b + 6. Let k(m) = 3*m**3 + m**2 + 5*m - 3. Let h(n) = 7*k(n) + 4*y(n). Calculate the remainder when 10 is divided by h(0).
1
Suppose -22 = -4*p - 9*q + 4*q, 2*q + 12 = p. Calculate the remainder when 53 is divided by p.
5
Let d(p) = p**3 + 4*p**2 - 3. Let j(v) = -2*v**2 - 10*v + 2. What is the remainder when j(-4) is divided by d(-3)?
4
Suppose 3*x - 2*n - 16 = 19, 5*n = -5*x + 75. What is the remainder when 147/6 - 2/(-4) is divided by x?
12
Suppose 16*g = 19*g - 9. Let h(c) = -c - 3. Let w be 5/(-2)*(2 + 0). What is the remainder when g is divided by h(w)?
1
Suppose 7 = o - 1. Suppose 3*r = -3*k + 54, 4*r - 17 - 23 = 4*k. Calculate the remainder when r is divided by o.
6
Calculate the remainder when 99 is divided by (50/(-6))/((-3)/9).
24
Let q(a) = a**3 + 7*a**2 + 8*a + 7. Let l be (0 + -2)/((-4)/(-10)). Let o be q(l). Let u = o + -4. Calculate the remainder when u is divided by 7.
6
Suppose q = -0*l + 4*l - 239, -4*l + 264 = 4*q. Suppose -529 + l = -4*x. Let t = -40 + x. What is the remainder when t is divided by 20?
17
Let p = -82 + 141. Let q(b) = b**3 + 6*b**2 + 3*b. What is the remainder when p is divided by q(-4)?
19
Suppose -y - 2*y = 4*a + 75, 5*a = 3*y + 75. Let l = 35 + y. Let c = 36 - 17. What is the remainder when c is divided by l?
9
S